35
0 (base 7) to base 3
0
Convert 9 (base 12) to base 9.
10
What is -105 (base 6) in base 4?
-221
10 (base 5) to base 4
11
Convert 31 (base 8) to base 14.
1b
What is 92 (base 11) in base 8?
145
-32 (base 7) to base 5
-43
Convert -23 (base 5) to base 3.
-111
Convert -2 (base 5) to base 15.
-2
1 (base 14) to base 3
1
What is 0 (base 11) in base 15?
0
Convert 1 (base 15) to base 13.
1
-32 (base 11) to base 10
-35
-22 (base 14) to base 2
-11110
-2 (base 7) to base 4
-2
What is 145 (base 13) in base 5?
1401
What is 3 (base 14) in base 7?
3
What is 6 (base 11) in base 10?
6
Convert 48 (base 13) to base 14.
44
-1 (base 16) to base 8
-1
What is 10010001 (base 2) in base 4?
2101
-100 (base 4) to base 2
-10000
What is -330 (base 5) in base 13?
-6c
Convert 24 (base 7) to base 2.
10010
Convert -161 (base 16) to base 5.
-2403
What is -86 (base 11) in base 8?
-136
What is -102 (base 3) in base 9?
-12
What is 2 (base 4) in base 14?
2
Convert 141 (base 6) to base 15.
41
What is 11 (base 3) in base 10?
4
0 (base 15) to base 2
0
What is -4 (base 16) in base 9?
-4
Convert 6a (base 15) to base 13.
79
What is 14 (base 5) in base 15?
9
3 (base 13) to base 12
3
1 (base 3) to base 4
1
76 (base 16) to base 13
91
Convert 37 (base 14) to base 11.
45
Convert 31 (base 8) to base 10.
25
9 (base 12) to base 2
1001
-11110 (base 2) to base 14
-22
Convert 6 (base 7) to base 6.
10
15f (base 16) to base 13
210
Convert 31 (base 11) to base 6.
54
Convert 17 (base 14) to base 5.
41
-5a (base 12) to base 2
-1000110
171 (base 9) to base 6
401
-1000 (base 2) to base 7
-11
What is -514 (base 6) in base 15?
-ca
-2d (base 14) to base 8
-51
What is -33 (base 10) in base 15?
-23
Convert -29 (base 10) to base 13.
-23
Convert -3 (base 12) to base 7.
-3
Convert 3 (base 6) to base 14.
3
Convert -3 (base 12) to base 14.
-3
What is 2 (base 5) in base 3?
2
What is 1 (base 12) in base 3?
1
Convert 13 (base 7) to base 13.
a
-1c (base 15) to base 9
-30
Convert -99 (base 12) to base 16.
-75
Convert -7d (base 15) to base 11.
-a8
Convert 66 (base 8) to base 6.
130
Convert 7 (base 14) to base 5.
12
46 (base 13) to base 16
3a
-25 (base 6) to base 4
-101
-13 (base 8) to base 16
-b
18 (base 15) to base 2
10111
Convert 2 (base 8) to base 3.
2
Convert 1c (base 16) to base 15.
1d
10000 (base 2) to base 16
10
Convert -110 (base 2) to base 7.
-6
0 (base 9) to base 3
0
Convert -320 (base 6) to base 8.
-170
What is -13 (base 13) in base 4?
-100
13 (base 9) to base 7
15
7 (base 12) to base 16
7
What is -1001 (base 3) in base 15?
-1d
Convert -13 (base 4) to base 10.
-7
What is -3 (base 15) in base 11?
-3
What is -2200 (base 5) in base 8?
-454
-25 (base 11) to base 14
-1d
Convert 1 (base 5) to base 16.
1
Convert 136 (base 9) to base 15.
79
165 (base 7) to base 11
88
Convert -12 (base 10) to base 4.
-30
Convert -1d (base 14) to base 9.
-30
What is 188 (base 14) in base 5?
2231
Convert -15 (base 9) to base 6.
-22
24 (base 5) to base 11
13
Convert -5 (base 11) to base 13.
-5
What is 20 (base 4) in base 14?
8
What is 1111000 (base 2) in base 4?
1320
Convert -5 (base 9) to base 16.
-5
103 (base 10) to base 3
10211
16 (base 13) to base 4
103
What is 16 (base 9) in base 6?
23
Convert -a8 (base 16) to base 15.
-b3
6 (base 10) to base 7
6
Convert 11 (base 3) to base 16.
4
Convert 4 (base 7) to base 11.
4
What is 1b (base 13) in base 11?
22
What is -28 (base 13) in base 9?
-37
What is 4 (base 9) in base 10?
4
-1 (base 9) to base 5
-1
4 (base 13) to base 2
100
What is 0 (base 11) in base 2?
0
1 (base 2) to base 4
1
What is 206 (base 8) in base 9?
158
What is -111 (base 7) in base 4?
-321
What is -240 (base 7) in base 16?
-7e
Convert 16a (base 13) to base 10.
257
What is 13 (base 14) in base 10?
17
Convert 5 (base 14) to base 6.
5
What is -2b (base 13) in base 2?
-100101
What is -2 (base 4) in base 3?
-2
14 (base 5) to base 3
100
-12 (base 3) to base 10
-5
What is -25 (base 7) in base 16?
-13
What is -3 (base 7) in base 8?
-3
-2 (base 7) to base 9
-2
What is -22 (base 14) in base 6?
-50
What is -20 (base 4) in base 12?
-8
What is 200 (base 3) in base 2?
10010
Convert -57 (base 12) to base 4.
-1003
3 (base 12) to base 16
3
-6 (base 10) to base 11
-6
What is 144 (base 7) in base 4?
1101
What is -3 (base 13) in base 12?
-3
3a (base 16) to base 12
4a
What is -50 (base 16) in base 7?
-143
-19 (base 12) to base 2
-10101
What is -10001 (base 2) in base 14?
-13
-4 (base 16) to base 3
-11
Convert 113 (base 7) to base 14.
43
What is -47 (base 10) in base 6?
-115
Convert -11 (base 2) to base 8.
-3
Convert -1200 (base 3) to base 8.
-55
What is 10 (base 3) in base 6?
3
1 (base 5) to base 15
1
What is 1aa (base 11) in base 9?
287
Convert 221 (base 4) to base 5.
131
Convert -3 (base 15) to base 12.
-3
-2 (base 11) to base 16
-2
What is -1231 (base 4) in base 12?
-91
7 (base 14) to base 4
13
Convert 2 (base 6) to base 5.
2
-b (base 14) to base 10
-11
What is -20 (base 4) in base 2?
-1000
Convert -6 (base 15) to base 13.
-6
2 (base 12) to base 3
2
Convert 232 (base 4) to base 14.
34
Convert 2 (base 10) to base 13.
2
-10 (base 14) to base 5
-24
Convert 37 (base 16) to base 4.
313
What is 3 (base 13) in base 11?
3
Convert -6 (base 15) to base 14.
-6
Convert 5 (base 12) to base 14.
5
Convert 100 (base 3) to base 10.
9
10111000 (base 2) to base 8
270
2 (base 15) to base 12
2
-27 (base 13) to base 11
-30
Convert 111 (base 6) to base 16.
2b
2c (base 13) to base 10
38
What is -110101 (base 2) in base 7?
-104
Convert 0 (base 11) to base 3.
0
1 (base 3) to base 6
1
What is -160 (base 11) in base 14?
-d5
What is -21 (base 13) in base 15?
-1c
111 (base 4) to base 6
33
What is -21 (base 9) in base 7?
-25
Convert 54 (base 13) to base 9.
76
What is -3 (base 11) in base 7?
-3
-16 (base 10) to base 13
-13
What is 100 (base 3) in base 14?
9
-23 (base 6) to base 5
-30
-45 (base 10) to base 7
-63
What is 0 (base 11) in base 12?
0
Convert -5 (base 15) to base 3.
-12
What is 36 (base 13) in base 14?
33
What is -5 (base 6) in base 2?
-101
Convert -12 (base 11) to base 3.
-111
Convert 1011 (base 4) to base 15.
49
Convert -13 (base 6) to base 2.
-1001
What is 4 (base 8) in base 4?
10
What is -183 (base 9) in base 14?
-b2
What is 3 (base 12) in base 14?
3
Convert -31 (base 9) to base 6.
-44
-a (base 13) to base 4
-22
150 (base 10) to base 13
b7
-13 (base 15) to base 9
-20
-16 (base 7) to base 2
-1101
4 (base 15) to base 11
4
Convert 18 (base 13) to base 7.
30
What is 0 (base 4) in base 12?
0
What is 2 (base 15) in base 12?
2
-1 (base 7) to base 5
-1
Convert 0 (base 9) to base 13.
0
0 (base 2) to base 10
0
What is -2a (base 15) in base 9?
-44
What is 34 (base 5) in base 16?
13
What is -18 (base 15) in base 14?
-19
Convert -3 (base 8) to base 5.
-3
3 (base 9) to base 8
3
-2 (base 12) to base 2
-10
What is 4 (base 14) in base 12?
4
Convert 29 (base 14) to base 12.
31
Convert 12 (base 5) to base 8.
7
What is -7 (base 12) in base 8?
-7
What is 2 (base 8) in base 15?
2
What is 2031 (base 4) in base 14?
a1
47 (base 16) to base 4
1013
Convert -181 (base 9) to base 14.
-b0
-7 (base 9) to base 7
-10
What is 1215 (base 6) in base 4?
10223
-97 (base 15) to base 6
-354
2 (base 13) to base 6
2
Convert 0 (base 7) to base 10.
0
Convert 72 (base 16) to base 8.
162
-11 (base 4) to base 3
-12
Convert 112 (base 4) to base 5.
42
Convert 2 (base 11) to base 15.
2
-14 (base 10) to base 7
-20
What is -68 (base 9) in base 4?
-332
-227 (base 10) to base 2
-11100011
Convert -71 (base 11) to base 12.
-66
-57 (base 11) to base 2
-111110
Convert -1101 (base 5) to base 2.
-10010111
Convert -11 (base 15) to base 2.
-10000
-1 (base 2) to base 15
-1
What is -3b (base 12) in base 8?
-57
Convert -19 (base 15) to base 3.
-220
What is -12 (base 8) in base 15?
-a
Convert 41 (base 9) to base 12.
31
What is 38 (base 12) in base 6?
112
What is 9 (base 12) in base 16?
9
What is 0 (base 15) in base 9?
0
What is 110 (base 7) in base 5?
211
Convert a (base 11) to base 13.
a
Convert 0 (base 4) to base 9.
0
41 (base 8) to base 2
100001
Convert -4 (base 16) to base 10.
-4
1 (base 7) to base 4
1
Convert -2 (base 8) to base 2.
-10
-23 (base 5) to base 15
-d
What is 21 (base 7) in base 8?
17
What is -124 (base 5) in base 4?
-213
What is -111010 (base 2) in base 10?
-58
What is -1a7 (base 11) in base 14?
-130
What i